 p + 7972. Is x a composite number?
True
Let s(r) = -52826*r + 1099. Is s(-2) prime?
True
Suppose 31*m - 3288484 = -85*m. Is m a prime number?
True
Suppose -153*b - 5 = -154*b. Let a(o) = 1335*o. Let r be a(1). Suppose -r - 3010 = -b*z. Is z a prime number?
False
Suppose -42749 = 3*j - 16118 - 213450. Is j a prime number?
True
Suppose 1324 = 7*v + 435. Let h = 348 + -224. Suppose h*t = v*t - 9621. Is t composite?
True
Suppose -3*u + 123*i - 119*i = -128323, 2*i - 128353 = -3*u. Is u composite?
True
Is 3/(-15) + (-11309844)/(-70) prime?
True
Let k = -162296 + 280423. Is k a prime number?
True
Let q be (-14)/133 + (-126)/(-114). Suppose 3043 = -3*g - 10274. Is (-4)/5 - q*g/5 prime?
True
Suppose f + 10965 = 45756 + 4846. Is f prime?
False
Suppose 233829 = -34*m + 25*m. Let c = 44876 + m. Is c composite?
True
Suppose 6*d + 10934 = 20*d + 2044. Is d composite?
True
Suppose 0 = c + 30 - 32. Suppose 0 = l + 5*v - 6409, -5*l + c*v + 27448 = -4705. Let s = -3934 + l. Is s a prime number?
False
Let r(x) = 943*x**2 + 52*x + 1 + 1 - 48*x. Let f be r(-1). Suppose 0 = -3*j + 3*m + m + f, 5*j - 1540 = m. Is j prime?
True
Suppose 2746 + 451662 = -206*d + 214*d. Is d a prime number?
False
Let g(d) = 3429*d + 229. Is g(62) composite?
False
Let g = -140 + 3966. Is g a prime number?
False
Suppose -79505 + 245115 = 5*u - 5*f, 0 = -3*u + 2*f + 99365. Is u composite?
True
Suppose -8*b = -6*b + 6, 3*b + 53957 = 4*u. Let f = u - -8564. Is f composite?
False
Suppose -239485 - 475201 = 3*n - 17*n. Is n composite?
True
Let v(x) = -457*x + 9. Let h be v(4). Let w = 2753 + h. Suppose -11*c + 10*c + w = 0. Is c a prime number?
False
Suppose 3*m - 2*m - 12 = -3*b, -4*m + 3 = 3*b. Suppose b*u = s + 1989, -4*s = 27 - 11. Is u prime?
True
Suppose 5*h - 8780 = -3*m, -2*h = -5*m - 2286 + 16971. Is m composite?
True
Let y = 160 + -181. Is ((-19914)/4)/((756/24)/y) composite?
False
Let d be 0 + 30/(-6) + (-3 - -23). Suppose d*w + 9*w = 10128. Is w composite?
True
Let q = 948217 - 483436. Is q prime?
False
Suppose 0*y - 4*y + 2*x = -6, 3*y = -4*x + 10. Suppose -5*t - 5*i - 346 = -1966, 1286 = 4*t + y*i. Is t composite?
True
Let u(t) = t**3 - 3 - 9*t**2 - t**2 + 6*t + 4*t + 4*t**2. Let k be u(4). Suppose k*h + 182 = -3*a + 712, -5*a + h = -930. Is a a prime number?
False
Suppose d + 60 = -5. Let t = d + 66. Is (3 - (2 + t)) + 259 a prime number?
False
Let y(j) = 7*j**3 - 12*j**2 - 7*j + 11. Suppose 89*u - 92*u = -24. Is y(u) a prime number?
False
Suppose 2418451 = 2*i + 47*i + 702912. Is i a composite number?
True
Let j = -111 + 65. Let i = j - -46. Let v(y) = -y + 317. Is v(i) composite?
False
Let b(l) = -4*l - 7. Let k be b(-2). Let g = -9477 + 5281. Is (1 - (3 - g))/((-2)/k) a composite number?
False
Suppose 309*o = 770*o - 12330367. Is o a prime number?
False
Suppose 5*t - 4*t + 3*j = -3682, 5*j = -2*t - 7364. Let n = t + 9039. Is n prime?
False
Let a = -8946 + 16355. Is a/((-2)/(-1 - 1)) a prime number?
False
Suppose 813 = 5*n - 2007. Let x be (10/15)/((-2)/(-6423)). Suppose x = 5*g - n. Is g composite?
False
Let p be (9 + -5 + -3)*(-2)/2. Let m be 4711 + (p - 5)/(7 + -5). Suppose -w - w + 2354 = 5*r, 4*w - m = -3*r. Is w a composite number?
True
Is 112/(-48)*3 + 43660 prime?
False
Let z = 739 + -358. Suppose -z*s + 386*s - 175 = 0. Is s composite?
True
Let d be -2 + -24 + 4 + -6. Let b = d + 31. Suppose -2*z - 5*s + 241 + 23 = 0, -b*z + 4*s = -373. Is z a prime number?
True
Suppose 37 - 4 = 3*z. Let s(r) be the third derivative of 4*r**4 - 13*r**3/6 + 3*r**2 + 4*r. Is s(z) a prime number?
False
Suppose 0 = 119*n - 116*n + 5*z - 521093, -16 = 2*z. Is n prime?
False
Let s be (-322)/115*(-5)/(-2). Is s/(168/(-21256))*3 prime?
True
Let o = 1157 - 486. Suppose -5*r - o + 6 = 0. Let n = r - -218. Is n prime?
False
Suppose 8*q - 19*q = -44. Suppose h - q*b - 1025 = 0, 0 = -13*h + 10*h - 3*b + 3015. Is h prime?
True
Is (1/(-2) - 41290445/318)/(2/(-3)) composite?
False
Let q(n) = 172*n**2 - 2*n + 3. Let a be q(7). Suppose -5*g = -a - 33518. Suppose -3*m + 9 = -0*m, -4*v + 3*m + g = 0. Is v a composite number?
False
Let z = 42720 + -16838. Is z composite?
True
Suppose -7*s + 54 = -16. Suppose -s*w + 9*w = -2834. Let y = w - 1881. Is y a prime number?
True
Suppose 0 = -6*s + 22*s + 3*g - 2883533, 2*g = -s + 180219. Is s a prime number?
True
Suppose 3*d - 2754812 - 4731885 = 4*h, 3*d - 7486695 = 3*h. Is d composite?
True
Is ((-26509662)/276)/(2 - (59/14 + -2)) a prime number?
False
Let h = 18873 + -13071. Suppose 81*z - 87*z + h = 0. Is z a composite number?
False
Let o(l) = 7548*l + 502. Is o(5) a composite number?
True
Let r = 263 + 431. Let u be -14*r*(-3)/12. Suppose -4*x = -1503 - u. Is x a composite number?
False
Suppose 9*x - 6*x = 0. Suppose 2*v - 183 - 5419 = x. Suppose -v = -o + 5*z - 521, -2*o + 4625 = 3*z. Is o composite?
True
Suppose 3*w - 3*m = 87, 127 = 3*w - 2*m + 7*m. Suppose -3*s + 430 = w. Is 484/s + ((-4)/(-6))/2 prime?
False
Let g = 30162 + -12007. Is g a composite number?
True
Let a(g) = 298*g - 199. Suppose 0 = 28*v + 3*v - 124. Is a(v) a composite number?
True
Suppose -7104 = 5*s - 13*s. Suppose -5*r - 2*z + 1515 = 0, s = -2*r + 5*r - 3*z. Is r composite?
True
Let q = -188561 - -293500. Is q composite?
True
Let r = 252 + -244. Suppose 0 = r*j - 10*j - 6, 4*l + j = 56377. Is l a composite number?
True
Suppose -2*r + 109407 = 4*p - 345685, 0 = 5*p - 2*r - 568865. Is p composite?
True
Is 3/(-4) + (5902170/24 - -8 - -10) a prime number?
True
Let a(q) = 11006*q + 2665. Is a(9) a composite number?
False
Let j(l) = 286*l**2 - l - 34. Let c be ((-2)/(-8))/(22/(-440)). Is j(c) prime?
True
Suppose 0 = q - 9*f + 10*f - 9, -5*q + 37 = f. Suppose 0 = q*i - 7615 - 5146. Is i a prime number?
True
Let j(d) = -d**3 - 2*d**2 + 3*d + 1117. Suppose -19*t + 17*t = 0. Is j(t) prime?
True
Suppose -28*m = -62*m + 9*m + 1416025. Is m prime?
False
Let s = -4205 + 8442. Is -1 + 1 + 4 - -1*s a prime number?
True
Suppose 62*v - 14408058 - 8956208 = 0. Is v prime?
False
Suppose 2*k - 1501028 = -5*f - 214657, -3*k = 2*f - 514555. Is f a composite number?
False
Suppose -4*q + 978 = -134. Suppose -2*s = 3*r - 3*s - q, 2*r + s - 182 = 0. Let g = -61 + r. Is g composite?
False
Suppose -5*h + 4*h + 5 = 0, 0 = 5*k - h + 3755. Let a = -271 - k. Is a prime?
True
Suppose -i = -m + 897 + 1025, 7682 = 4*m - 2*i. Is m composite?
True
Suppose 0 = 13*c - 21*c + 64. Is 3766 - (-10)/(c/(-4)) composite?
False
Suppose -173877 = 2*s + 56367. Let l = 983 + -980. Is (-2)/(l/((s/4)/7)) composite?
False
Suppose 8*v - 9*v + 408909 = 3*z, 3*z - 408909 = 3*v. Is z prime?
True
Suppose c - 4941 = 2*l, -5*c = 4*l - 5*l - 2475. Let u = -4477 - l. Is u/(-18) + 1/(-2) a composite number?
True
Let m = -960121 - -1804610. Is m a composite number?
False
Let o(u) = 2*u + 57. Let d be o(-28). Let r be d*(3 - (-2 + 0)). Suppose x + 8325 = 6*x + r*i, -5*i + 1649 = x. Is x composite?
False
Let q be 0/((4 - 2) + -3). Let y be q*(-2)/4 - (5 + -2). Let b(f) = 44*f**2 + 5*f + 8. Is b(y) prime?
True
Suppose -4802185 - 8670590 = -75*z. Is z a composite number?
True
Suppose -30*s + 36*s - 18 = 0. Suppose a - 7*y = -9*y + 10403, 5*y - 31213 = -s*a. Is a a prime number?
False
Suppose 98*d - 101*d = 11760. Let p = -2509 - d. Is p a prime number?
False
Let s = 27704 + -18049. Is s a composite number?
True
Let o(r) = 1390*r - 5959. Is o(69) composite?
True
Suppose -8*p + 54 = 990. Let l be 26/p + (-40)/(-18). Is l - 647/(3/3 - 2) composite?
True
Let f(n) = 8*n**2 + 138*n + 397. Is f(-3) a composite number?
True
Suppose -108813 = 10*i - 79*i. Is i prime?
False
Let q(b) = 145272*b - 4317. Is q(7) composite?
True
Is (-315001 - -360)*(13/(-2) - 2/4) prime?
False
Suppose -12266 = 2*w + 5*g - 168469, -2*w = -g - 156245. Is w composite?
True
Let r = -14649 - -324698. Is r a prime number?
True
Let d(u) = 56*u - 51. Let w be d(1). Suppose -w*y + 11662 = -5*v - 18113, -5*y + 29735 = 5*v. Is y prime?
False
Let f(w) = -w**2 - 21*w + 14. Let j be f(-21). Let b be 4 - ((-22)/77 - (-32)/j). Suppose -2*k - 2*k - b*z + 744 = 0, -2*z = -k + 191. Is k composite?
True
Let s(r) = 1 - 2 + 16299*r - 11355*r. Is s(1) a prime number?
True
Suppose -144*s + 4*a + 1225935 = -143*s, 25 = -5*a. Is s a prime number?
False
Suppose 0*n + w - 985699 = -n, -4*n = 3*w - 3942800